83?
2
What is the tens digit of 285967?
6
What is the millions digit of 3815419?
3
What is the hundreds digit of 220789?
7
What is the ten thousands digit of 3445114?
4
What is the thousands digit of 1155763?
5
What is the hundred thousands digit of 17471249?
4
What is the hundreds digit of 25573069?
0
What is the thousands digit of 111809?
1
What is the hundred thousands digit of 563230?
5
What is the ten thousands digit of 773648?
7
What is the units digit of 4596015?
5
What is the thousands digit of 14540108?
0
What is the ten thousands digit of 2771399?
7
What is the thousands digit of 3654651?
4
What is the ten millions digit of 23736670?
2
What is the hundreds digit of 771528?
5
What is the tens digit of 304857?
5
What is the ten thousands digit of 30116281?
1
What is the tens digit of 34828?
2
What is the hundred thousands digit of 446306?
4
What is the ten thousands digit of 11026265?
2
What is the ten thousands digit of 171687?
7
What is the thousands digit of 568673?
8
What is the units digit of 10538590?
0
What is the millions digit of 5115884?
5
What is the tens digit of 1625087?
8
What is the tens digit of 9400910?
1
What is the units digit of 817203?
3
What is the units digit of 8971538?
8
What is the units digit of 2237160?
0
What is the thousands digit of 14353807?
3
What is the ten millions digit of 12933153?
1
What is the units digit of 115704?
4
What is the hundred thousands digit of 1014263?
0
What is the hundred thousands digit of 1223569?
2
What is the thousands digit of 289220?
9
What is the ten thousands digit of 719859?
1
What is the hundred thousands digit of 765814?
7
What is the tens digit of 1394765?
6
What is the ten millions digit of 29636576?
2
What is the hundreds digit of 7406455?
4
What is the thousands digit of 17750522?
0
What is the millions digit of 2469331?
2
What is the ten thousands digit of 906535?
0
What is the hundred thousands digit of 7454238?
4
What is the millions digit of 5570519?
5
What is the hundreds digit of 19901808?
8
What is the hundred thousands digit of 279046?
2
What is the units digit of 328754?
4
What is the hundreds digit of 596628?
6
What is the hundreds digit of 3459368?
3
What is the tens digit of 57362?
6
What is the ten thousands digit of 4364415?
6
What is the hundreds digit of 4036462?
4
What is the millions digit of 1806770?
1
What is the units digit of 14198724?
4
What is the tens digit of 4006918?
1
What is the hundreds digit of 67034?
0
What is the hundreds digit of 5050983?
9
What is the units digit of 182671?
1
What is the ten thousands digit of 11055921?
5
What is the hundreds digit of 7517?
5
What is the tens digit of 5346873?
7
What is the tens digit of 5416245?
4
What is the units digit of 640800?
0
What is the tens digit of 219878?
7
What is the ten thousands digit of 1143650?
4
What is the units digit of 224439?
9
What is the thousands digit of 208233?
8
What is the thousands digit of 83254?
3
What is the hundred thousands digit of 128523?
1
What is the hundreds digit of 2810806?
8
What is the ten millions digit of 13350820?
1
What is the tens digit of 6212206?
0
What is the thousands digit of 2512025?
2
What is the tens digit of 7091920?
2
What is the tens digit of 20574705?
0
What is the hundred thousands digit of 1961379?
9
What is the ten thousands digit of 6735468?
3
What is the units digit of 1909809?
9
What is the millions digit of 2587528?
2
What is the units digit of 594133?
3
What is the ten thousands digit of 195002?
9
What is the hundred thousands digit of 561177?
5
What is the thousands digit of 758734?
8
What is the units digit of 288362?
2
What is the units digit of 225587?
7
What is the millions digit of 3329668?
3
What is the hundred thousands digit of 689109?
6
What is the thousands digit of 401191?
1
What is the hundreds digit of 789736?
7
What is the ten thousands digit of 22786?
2
What is the thousands digit of 3274848?
4
What is the tens digit of 1868086?
8
What is the millions digit of 2786216?
2
What is the hundred thousands digit of 818578?
8
What is the units digit of 411688?
8
What is the units digit of 279400?
0
What is the hundred thousands digit of 3239057?
2
What is the tens digit of 401528?
2
What is the units digit of 7116311?
1
What is the tens digit of 6802599?
9
What is the hundreds digit of 28715147?
1
What is the hundreds digit of 11565050?
0
What is the hundreds digit of 201294?
2
What is the millions digit of 15887860?
5
What is the ten thousands digit of 12847?
1
What is the hundred thousands digit of 191997?
1
What is the ten thousands digit of 3230318?
3
What is the tens digit of 51460?
6
What is the thousands digit of 2907591?
7
What is the hundred thousands digit of 2396028?
3
What is the ten thousands digit of 13379120?
7
What is the hundreds digit of 9893085?
0
What is the hundred thousands digit of 616857?
6
What is the ten thousands digit of 139098?
3
What is the hundreds digit of 185243?
2
What is the thousands digit of 65718?
5
What is the ten thousands digit of 256446?
5
What is the ten thousands digit of 80172?
8
What is the units digit of 1355029?
9
What is the ten thousands digit of 130462?
3
What is the thousands digit of 823132?
3
What is the units digit of 217285?
5
What is the hundreds digit of 17245234?
2
What is the thousands digit of 3087863?
7
What is the millions digit of 1497085?
1
What is the millions digit of 14701766?
4
What is the tens digit of 1378356?
5
What is the millions digit of 29041851?
9
What is the units digit of 386991?
1
What is the millions digit of 2264589?
2
What is the hundred thousands digit of 1198250?
1
What is the thousands digit of 17017176?
7
What is the thousands digit of 2784496?
4
What is the millions digit of 4672864?
4
What is the tens digit of 4360418?
1
What is the tens digit of 854242?
4
What is the units digit of 433037?
7
What is the hundred thousands digit of 3572672?
5
What is the ten thousands digit of 88302?
8
What is the tens digit of 781892?
9
What is the tens digit of 164349?
4
What is the units digit of 28117718?
8
What is the units digit of 319739?
9
What is the tens digit of 8578653?
5
What is the hundreds digit of 797284?
2
What is the millions digit of 12532917?
2
What is the tens digit of 108317?
1
What is the hundred thousands digit of 215417?
2
What is the millions digit of 3842974?
3
What is the thousands digit of 89127?
9
What is the units digit of 795498?
8
What is the hundred thousands digit of 303764?
3
What is the ten thousands digit of 4181053?
8
What is the ten thousands digit of 1612798?
1
What is the hundreds digit of 182437?
4
What is the hundred thousands digit of 3230795?
2
What is the thousands digit of 4456525?
6
What is the ten thousands digit of 157656?
5
What is the ten thousands digit of 1715906?
1
What is the hundred thousands digit of 26624203?
6
What is the units digit of 271103?
3
What is the units digit of 166918?
8
What is the hundreds digit of 1540623?
6
What is the millions digit of 2330131?
2
What is the ten thousands digit of 9547840?
4
What is the millions digit of 1356073?
1
What is the tens digit of 10981555?
5
What is the thousands digit of 5531873?
1
What is the thousands digit of 320041?
0
What is the millions digit of 7745766?
7
What is the units digit of 5262778?
8
What is the tens digit of 768392?
9
What is the ten thousands digit of 1991334?
9
What is the units digit of 655627?
7
What is the hundreds digit of 2158619?
6
What is the ten millions digit of 22722862?
2
What is the thousands digit of 174004?
4
What is the ten millions digit of 31618227?
3
What is the hundred thousands digit of 2748654?
7
What is the millions digit of 8583950?
8
What is the thousands digit of 1352149?
2
What is the tens digit of 7759841?
4
What is the ten thousands digit of 341801?
4
What is the tens digit of 19594917?
1
What is the tens digit of 787680?
8
What is the units digit of 89542?
2
What is the hundreds digit of 814537?
5
What is the thousands digit of 2003103?
3
What is the hundreds digit of 3421179?
1
What is the units digit of 228445?
5
What is the units digit of 4395103?
3
What is the tens digit of 1159451?
5
What is the ten thousands digit of 17298?
1
What is the hundreds digit of 1272936?
9
What is the hundred tho